te?
False
Suppose 5*d - 5*u + 6 = 2*d, -3*d + u = -6. Let g(j) = -9 - j**2 - d - 8*j + 19 + j**3. Is g(5) a prime number?
True
Suppose 312990 = 5*z - 5*u, 17*u = z + 22*u - 62592. Is z a composite number?
False
Let g = 32 - -1. Let a = g - 36. Is 259*1/(4 + a) composite?
True
Let z(w) = w + 5. Let h = 9 + -17. Let b be z(h). Is (-1 - -114)/(b/(-9)) a composite number?
True
Suppose 5*v = w + 19, -5*w - 3 + 28 = 5*v. Is 113139/143 - v/22 composite?
True
Suppose -a + 1652 = -3*p - 209, -5*a = 10. Let c = 1720 + p. Is c prime?
False
Suppose 3*r = 576 + 204. Suppose -4*s - r = -8*s. Is s a composite number?
True
Suppose -6*w + 115 = -11*w. Is 29/3*(32 + w) a composite number?
True
Let q = -2707 + 4178. Is q a prime number?
True
Let i be (-624)/(-3) + 4/2. Suppose 7*j - i = 2*j. Let f = j - -159. Is f a composite number?
True
Suppose -2*c = 10, -3*c + 209 + 161 = -5*b. Suppose -2*a + 4*p = 390, a + p = -0*p - 201. Let f = b - a. Is f a composite number?
True
Suppose -8*t - 35665 + 243993 = 0. Is t composite?
False
Suppose -5*l = 3*z + 28, l + 9 = -5*z + z. Let i(s) = -84*s**3 - 4 + s**2 + 3 - 46*s**3 + 3*s**3. Is i(z) a prime number?
True
Suppose 0 = u + 4*u - 35. Suppose 1173 = -u*q + 10*q. Suppose 3*m - q = 98. Is m composite?
False
Let d(m) = 21*m**3 + m**2 + 6*m + 5. Let a be d(-1). Let b = a - -58. Is b prime?
True
Let a = -40 - -67. Let l be a/3 - (-7)/(-7). Suppose -j + 4*h + l = 25, -16 = 3*j - 5*h. Is j composite?
False
Let y(s) = s**3 + 6*s**2 - 2. Let l be y(-6). Is ((-4062)/12)/(l/4) a prime number?
True
Suppose 3*z = -r + 5090, 0 = 3*z + 10 - 7. Is r prime?
False
Suppose -18686 = -d - 3*i, 5*d + 8122 - 101612 = -3*i. Is d a prime number?
True
Let s(g) be the first derivative of g**2/2 + 10*g + 4. Let j be s(-9). Is (-11 + -795)*j/(-2) prime?
False
Suppose 0 = 6*v - 3*v - 21. Let c be 4/((-4)/v)*-1. Let p = 150 - c. Is p a prime number?
False
Let x = 2891 + -172. Is x prime?
True
Suppose 8*b = 2*s + 13*b - 28365, -2*b - 28372 = -2*s. Is s composite?
True
Let k(p) be the third derivative of 149*p**5/15 - p**4/24 + 11*p**2. Is k(-1) a composite number?
True
Suppose -47*k - 9740 = -52*k + 5*f, 9747 = 5*k + 2*f. Is k prime?
True
Suppose 0 = 4*z - 5 - 23. Suppose z*l + 2*f = 2*l + 2925, f = -5. Is l prime?
True
Let h be (0/((-8)/(-2)))/(-2 - -4). Suppose h = 14*c - 38 - 116. Is c a prime number?
True
Let v(n) = -n**3 - 19*n**2 + 11*n - 7. Is v(-24) a composite number?
False
Let c(o) = -o**2 + 5*o - 1. Let l be c(4). Let w(t) = -t + 3. Let s be w(l). Suppose -6*n = -n - 2*f - 1015, 3*n - 2*f - 605 = s. Is n a prime number?
False
Suppose 9 = -3*h - o + 47, -2*h - 5*o + 34 = 0. Let d = 4 + 4. Suppose 0 = d*w - h*w + 852. Is w composite?
True
Let x(z) = -99*z + 29. Is x(-15) a composite number?
True
Suppose -5*v + 38 = -4*n, -28 = -5*v - n - 0*n. Is 68 + -3 - (2 - v) prime?
False
Let m(c) = -c**3 + 13*c**2 - 13*c + 13. Let r be m(12). Is (-1 - r)*(-259)/2 a composite number?
True
Suppose 2*g - 9 = -1, -f + 13295 = 3*g. Is f a composite number?
True
Suppose -4*a - 1222 = -5*z, a + 1232 = 5*z + 2*a. Suppose -8*q + 2450 = -z. Is q a composite number?
False
Suppose -16720 = -5*d - 3*x, 6688 = 6*d - 4*d + 2*x. Suppose 5*i - 4*t + 521 = d, t + 2817 = 5*i. Is i composite?
False
Suppose -p - 4*u + 1015 = -0*p, 4*u = 2*p - 1994. Is p a composite number?
True
Let u(q) = -73*q - 2. Let s be u(-6). Let f = s + -306. Let k = 301 + f. Is k prime?
True
Suppose -3*q - 29 = -71. Suppose -12*z = -q*z + 10. Suppose 160 = z*b + 5. Is b prime?
True
Let a = 9008 - -82445. Is a prime?
True
Suppose 4*r - 3*s = 318, 2*s - 94 - 153 = -3*r. Suppose -4*n - 3*z + r = -3*n, 0 = -n + 3*z + 99. Let f = n + 25. Is f prime?
False
Let z(l) = -4 + 3*l**2 - 2*l**2 + 4*l**2 + l - 6*l**2. Let m be z(-3). Is ((-2)/(-3))/(m/(-2136)) a composite number?
False
Let w(d) = d**3 - 9*d**2 - d + 11. Let z be w(9). Suppose -3193 = -3*f - 2*x, 7*f - z*f - 4*x = 5285. Is f composite?
False
Let y be 0 - (1 - 2548/4). Let t = -3671 - -5589. Suppose -h + 0*d = d - y, t = 3*h + 5*d. Is h prime?
True
Suppose -61872 - 30487 = -19*u. Is u prime?
True
Let b(z) = -1562*z**3 - 2*z**2 - z. Suppose 2*k = 4*k + 2. Is b(k) a prime number?
False
Let j = 413 + 72. Is j a composite number?
True
Suppose 3*s + 1023 = 6*s. Is s a prime number?
False
Let j(d) = 1424*d**2 - 11*d + 17. Is j(6) composite?
True
Suppose -3747 = 2*b - 4*y - 9917, 2*y = -5*b + 15413. Is b prime?
True
Suppose -4*i + 39353 = 19*i. Is i prime?
False
Let l = -12914 + 30499. Is l prime?
False
Let t(x) = x**2 - 11*x + 12. Let a be t(10). Suppose u - 4 = -4*k, k = a*u - 6 - 2. Suppose 0 = -5*q + u*q + 87. Is q prime?
False
Let t be 84/(-8)*8/12. Is 5*333/21 - (-2)/t prime?
True
Let y(n) = 80*n - 9. Is y(8) a prime number?
True
Suppose -4*s = 8 - 16. Suppose 0 = 5*r - s*r + o - 11, -7 = -2*r - o. Let t(q) = q**3 + q**2 + 2*q - 1. Is t(r) composite?
True
Let u = -2 + 2. Let j be -2 - (1794/(-1))/3. Suppose u*i = -4*i + j. Is i a prime number?
True
Is (-689682)/(-15) + (36/(-20) - -2) a prime number?
True
Let u(z) = 40*z**2 + 39*z - 19. Is u(-18) a prime number?
True
Let l be 1 + -5 - (0 + -1). Let k be 8*1*l/(-6). Suppose -5*j + 218 = -4*v, -v + 5*v - 196 = -k*j. Is j composite?
True
Suppose -4*x = -116 - 112. Is x prime?
False
Let z(w) = 1 - 6*w**2 + 3*w**2 + w**3 - 5*w + 3*w**3 + 2. Let f = 4 + 0. Is z(f) a composite number?
False
Let z(r) = r. Let t be z(4). Suppose -4*j + t*q = -640, -5*q + 2*q + 148 = j. Let o = -108 + j. Is o a prime number?
False
Let h be (8/3 - 1)*3. Suppose 0 = -5*x + 2*c + 6, 0 = -h*x - 4*c + 17 + 1. Suppose -489 = x*y - 5*y. Is y prime?
True
Suppose -3*r = -6*r + 3216. Suppose k + 3*k = r. Is ((-12)/3)/((-8)/k) a composite number?
True
Let c(t) = -41*t + 5. Let a be c(-12). Suppose -a = 5*u - 1452. Is u a prime number?
True
Let m be (-2)/((-2)/(-5))*-78. Suppose -2*t + m = -124. Is t a prime number?
True
Let b be 820 + 0 + -10 + 5. Suppose 1339 = 3*t + s, 0 = 3*t + 3*s - b - 520. Is t a prime number?
False
Let f be 3424/18 + (-4)/18. Let g = 11 + f. Is g composite?
True
Let l = 5029 + -2876. Is l a prime number?
True
Suppose -5*k = -12620 + 1215. Is k prime?
True
Let i(n) = -12056*n**3 - 2*n**2 - 4*n - 3. Is i(-1) a prime number?
False
Suppose -16 + 124 = 6*q. Suppose 0 = -2*g - 4*g - q. Let t = g + 956. Is t a prime number?
True
Suppose 7*c = 8*c - 2. Is -1865*(-4)/(2 + c) a prime number?
False
Let l = -75 + 127. Suppose -3*p + 103 = -4*f - 28, 2*f - 182 = -4*p. Let r = p + l. Is r a composite number?
False
Let v = 230 + -69. Let a = 244 - v. Is a a composite number?
False
Let c(i) be the first derivative of 11/3*i**3 - i - 4*i**2 + 3. Is c(6) a prime number?
True
Let u = 9 + -5. Suppose u*c - 5 = 11. Suppose -3*x + 198 = 3*a, a = -c*x + 6*a + 309. Is x a prime number?
True
Let g(a) be the first derivative of 122*a**3/3 - 2*a**2 + 9*a + 9. Is g(-5) composite?
False
Suppose 7*g - 4*g = 12. Suppose 0 = g*f - 301 - 259. Suppose 4*p - 136 = f. Is p a composite number?
True
Suppose 0 = 14*r - 7*r - 595. Is r a prime number?
False
Let f = -1459 - -257. Let t = f - -2462. Suppose 5*z = -2*h + 1546 - 266, -2*h = -5*z - t. Is h composite?
True
Is (-243183)/(-33) + (680/(-110) - -6) prime?
True
Let p(l) = -1067*l + 591. Is p(-8) prime?
True
Let w = -23213 - -104980. Is w composite?
True
Let x(s) = 4*s**2 - 30*s + 13. Is x(-22) a composite number?
False
Let c be 7012 + (4 + 4)/((-2)/1). Let z = c + -4077. Is z prime?
False
Let j(c) = -2*c - 5. Let k be j(-5). Suppose 3*u = k*u. Suppose 3 = -2*s - v + 206, -s - 3*v + 94 = u. Is s prime?
True
Suppose 10 = 2*u - 6*u - 5*b, -u - 8 = 4*b. Suppose a + 1133 = 2*l + 424, -5*a + 15 = 0. Suppose u*h - l = -4*h. Is h a composite number?
False
Let p(x) = 5*x**3 - 2*x**2 - x + 2. Suppose 8 = 4*b - 4. Let h be p(b). Let m = 95 + h. Is m composite?
False
Let k(n) = -366*n + 161. Is k(-20) a prime number?
True
Suppose 7*r - 36162 = -8141. Let c = r + -2466. Is c a prime number?
False
Suppose -13*p + 5*p = -11760. Is -4 + (9 - 4) + p a prime number?
True
Suppose 0 = u - 40 + 168. Let s = 98 - u. Is s a prime number?
False
Let v(q) = 1194*q - 644. Is v(39) a composite number?
True
Let j = 2 - -3. Is (4 - j)*-1*214 a composite number?
True
Let d = 205 - 29. Suppose -15*f = -349 - d. Is f prime?
